 2*n**3 - 43*n**2 + 23*n - 44. Determine s(21).
-2
Let c(m) = -7*m - 6. What is c(-4)?
22
Let a(b) = b**2 + 8*b - 5. Give a(-10).
15
Let c(p) = -2*p + 27. Determine c(13).
1
Let d(s) = -s**3 + 13*s**2 - 4*s - 1. Give d(13).
-53
Let a(y) = -44*y + 156. What is a(3)?
24
Let s(o) = -o**2 + 2*o + 3. Give s(-2).
-5
Let s(t) = -6*t + 21. Calculate s(11).
-45
Let z(i) = -i**3 + i**2 + 10. What is z(0)?
10
Let v(f) = -f**3 - 3*f**2 - 3*f - 4. Give v(-2).
-2
Let r(b) = 2*b**2 - 60*b + 2. What is r(30)?
2
Let z(s) = 3*s**2 - 53*s - 9. What is z(18)?
9
Let l(p) = 3*p**3 + 4*p**2 + 3*p + 1. Give l(-2).
-13
Let v(o) = 5*o - 6. Calculate v(6).
24
Let o(f) = f**3 - 4*f**2 + 53*f - 154. Give o(3).
-4
Let j(k) = -k**3 - 6*k**2 + 8*k + 13. What is j(-7)?
6
Let v(i) = i**3 + 9*i**2 + 5*i - 8. Calculate v(-8).
16
Let c(b) = -8*b + 146. What is c(18)?
2
Let j(h) = -h**2 - 15*h - 27. Determine j(-3).
9
Let r(v) = v**2 - 8*v + 39. Calculate r(10).
59
Let g(l) = l**3 + 11*l**2 - l - 35. Calculate g(-11).
-24
Let x(b) = -b**3 + 10*b**2 - 3*b + 22. Give x(10).
-8
Let w(k) = -k**2 - 36*k - 133. What is w(-32)?
-5
Let k(g) = 9*g - 1. What is k(-1)?
-10
Let q(m) = 5*m + 16. Calculate q(-10).
-34
Let s(n) = -n**3 + 5*n**2 - 4*n - 1. Calculate s(5).
-21
Let c(o) = -4*o + 34. Give c(9).
-2
Let a(j) = -j**3 + 17*j**2 - 66*j + 4. What is a(6)?
4
Let o(b) = b**3 + 6*b**2 - b + 9. Calculate o(-7).
-33
Let l(d) = d**2 + 11*d + 13. What is l(-13)?
39
Let k(x) = 20*x + 566. What is k(-28)?
6
Let o(i) = 18*i - 107. Determine o(6).
1
Let d(l) = l**2 + 3*l + 2. What is d(4)?
30
Let k(w) = w**3 + 6*w**2 - 3*w + 24. Determine k(-7).
-4
Let n(j) = -j**2 - 24*j + 24. Calculate n(-25).
-1
Let d(g) = 6*g**2 + 90*g + 89. Calculate d(-14).
5
Let o(m) = 10*m - 58. Give o(4).
-18
Let f(x) = -x**3 + x**2 + x + 33. Determine f(0).
33
Let z(s) = 3*s + 6. What is z(0)?
6
Let b(c) = c**2 + 52*c + 307. Calculate b(-45).
-8
Let q(o) = -o**3 + 7*o**2 + 8*o + 2. What is q(8)?
2
Let u(i) = -i**2 - i + 17. Calculate u(-5).
-3
Let h(z) = -z**2 + 8*z - 1. Determine h(10).
-21
Let j(r) = -4*r**2 - 4*r + 3. Determine j(1).
-5
Let q(s) = -s**2 + s + 1. Calculate q(-2).
-5
Let q(k) = -8*k**3 - 2*k**2 + 4*k - 2. Give q(1).
-8
Let g(d) = 2*d**3 - 3*d**2 + 2*d - 2. Calculate g(2).
6
Let p(o) = 11*o**2 - o - 2. Give p(-1).
10
Let c(q) = -5*q**3 - q**2 - 3*q - 3. What is c(-2)?
39
Let c(m) = -2*m**2 + 39*m - 20. What is c(19)?
-1
Let v(l) = -9*l - 20. Give v(10).
-110
Let a(z) = z**2 - 15*z - 4. What is a(17)?
30
Let l(h) = -h - 19. What is l(-8)?
-11
Let l(n) = -n**2 - n + 41. Determine l(0).
41
Let a(c) = -4*c - 1. Determine a(4).
-17
Let y(c) = c**2 - 21*c + 82. Calculate y(17).
14
Let m(n) = n**2 - 41*n + 85. Calculate m(2).
7
Let w(c) = 9*c - 20. Give w(12).
88
Let l(s) = s**3 + 5*s**2 - 16*s - 15. What is l(-7)?
-1
Let g(j) = j. What is g(10)?
10
Let v(b) = -2*b**2 + b + 6. What is v(3)?
-9
Let b(j) = -4*j + 1. Give b(-3).
13
Let p(b) = b**2 - 8*b - 3. Calculate p(9).
6
Let y(j) = -11*j**2 - 2*j - 3. Give y(-1).
-12
Let c(d) = -d**3 - 13. Calculate c(0).
-13
Let m(j) = -j**2 + 15*j - 9. Determine m(10).
41
Let t(f) = 2*f**3 - 6*f**2 - f + 16. Calculate t(4).
44
Let i(x) = -x**2 + 5*x + 1. Calculate i(5).
1
Let r(d) = -d**2 - 7*d + 4. What is r(-4)?
16
Let j(t) = -23*t - 209. What is j(-9)?
-2
Let g(q) = -2*q**2 + 9*q + 57. Give g(10).
-53
Let i(g) = g**3 - 23*g**2 - 24*g + 4. Calculate i(24).
4
Let i(q) = q + 57. Determine i(-52).
5
Let r(w) = 66*w - 726. Calculate r(11).
0
Let c(j) = 9*j**3 + 4*j**2 + j - 2. Calculate c(-1).
-8
Let g(r) = -7*r - 10. Determine g(-2).
4
Let s(r) = -8*r + 9. What is s(-4)?
41
Let g(m) = 4*m**2 + 3*m + 1. Give g(-2).
11
Let y(o) = o**2 + 13*o + 57. Determine y(-6).
15
Let d(q) = 6*q + 26. Give d(-5).
-4
Let u(w) = w - 1. Determine u(1).
0
Let n(w) = 2*w**3 - 3*w**2 + 3*w + 2. Give n(2).
12
Let j(y) = y**3 - 9*y**2 + 8*y - 27. Determine j(8).
-27
Let r(f) = f**2 + 23*f + 79. Calculate r(-6).
-23
Let i(n) = 19*n**2 - 5*n - 5. Give i(-3).
181
Let o(z) = 2*z**2 + 3*z - 4. Give o(-4).
16
Let k(n) = -n**3 + 5*n**2 - 6*n + 23. Calculate k(5).
-7
Let l(r) = 4*r + 64. Calculate l(-20).
-16
Let q(o) = -3*o - 15. What is q(-4)?
-3
Let o(i) = -24*i - 200. What is o(-8)?
-8
Let u(z) = 3*z + 14. Give u(-7).
-7
Let j(s) = -2*s - 40. Determine j(0).
-40
Let h(u) = 2*u**3 + 2*u**2 - 26*u + 3. Give h(-5).
-67
Let s(r) = -4*r**2 - 139*r - 48. Give s(-35).
-83
Let x(u) = u**3 - 2*u**2 - 31*u + 90. Calculate x(3).
6
Let i(s) = -2*s + 23. Calculate i(0).
23
Let x(g) = g**2 + 25*g + 45. Calculate x(-20).
-55
Let o(y) = -3*y**2 + 6*y - 4. Give o(5).
-49
Let k(s) = 21*s + 164. Give k(-9).
-25
Let n(w) = 2*w**2 + w + 4. Determine n(5).
59
Let q(n) = -n**2 + 6*n + 10. What is q(-4)?
-30
Let v(q) = -9*q - 39. Determine v(-5).
6
Let p(f) = -f**3 - 3*f + 4. Give p(3).
-32
Let z(r) = r**3 + 10*r**2 + 12*r + 17. Determine z(-8).
49
Let v(b) = 2*b - 42. Calculate v(8).
-26
Let f(d) = -d**3 + 4*d**2 + 7*d - 8. Give f(5).
2
Let q(x) = 4*x**2 - x + 2. What is q(-2)?
20
Let l(a) = -a**3 + 15*a**2 + 36*a + 10. Give l(17).
44
Let x(u) = -2*u**3 - 34*u**2 + 32*u - 31. Calculate x(-18).
41
Let q(f) = -f**2 - f + 19. Give q(-6).
-11
Let c(l) = 5*l**2 + 4. Determine c(3).
49
Let y(v) = -v**2 + 8*v + 2. What is y(8)?
2
Let v(i) = 4*i + 3. Calculate v(-2).
-5
Let p(u) = 2*u - 1. Determine p(-9).
-19
Let u(p) = p**3 + 9*p**2 + 24*p + 53. Determine u(-7).
-17
Let c(u) = u - 3. Calculate c(-8).
-11
Let s(b) = b + 3. What is s(-9)?
-6
Let q(n) = 2*n**3 - n**2 - 3. What is q(2)?
9
Let l(b) = 27*b - 192. Give l(8).
24
Let n(q) = -2*q - 5. Determine n(-4).
3
Let q(y) = -y**2 - 17*y + 408. Give q(-31).
-26
Let u(s) = -s**3 - 4*s**2 + 3*s + 11. What is u(-4)?
-1
Let t(j) = 18*j - 1. What is t(2)?
35
Let y(m) = -3*m + 2. Calculate y(-2).
8
Let i(f) = 3*f**3 + 37*f**2 - 26*f - 6. Calculate i(-13).
-6
Let v(b) = -2*b**2 + 2*b + 9. Give v(3).
-3
Let i(r) = 14*r + 125. What is i(-13)?
-57
Let v(s) = -6*s - 5. Calculate v(-6).
31
Let a(z) = z**2 + 6*z + 7. Calculate a(-5).
2
Let h(a) = a**3 - 17*a**2 - 12*a + 19. What is h(18)?
127
Let k(i) = 12*i - 32. Determine k(-2).
-56
Let p(d) = 2*d**3 + 6*d**2 - 22*d - 11. Determine p(-5).
-1
Let u(v) = v**2 - 16*v + 47. Calculate u(11).
-8
Let a(z) = z**2 + 7*z + 6. Calculate a(-8).
14
Let v(d) = -d**3 - 20*d**2 - 20*d - 5. Calculate v(-19).
14
Let d(q) = -q**3 + q**2 + q + 2. Give d(0).
2
Let o(n) = n**3 + 3*n**2 - 25. Give o(-7).
-221
Let c(s) = 2*s**3 - 22*s**2 + 16*s + 31. Calculate c(10).
-9
Let b(i) = 8*i - 91. Give b(9).
-19
Let y(m) = m**3 - 11*m**2 - 2*m + 27. What is y(11)?
5
Let d(g) = g**2 - 6*g - 9. Give d(8).
7
Let b(i) = 10*i + 49. Give b(-9).
-41
Let z(t) = -t**3 - 12*t**2 + 19*t + 65. Give z(-13).
-13
Let r(h) = 17*h**3 - h**2 - h - 1. Determine r(-1).
-18
Let b(j) = -13*j**3 - j**2 - 2*j - 1. Calculate b(-1).
13
Let k(m) = -2*m**3 - 7*m**2 - 4*m - 16. Give k(-5).
79
Let n(j) = 2*j**2 - 4*j + 5. Calculate n(4).
21
Let x(r) = r**2 + 23*r - 55. Calculate x(-27).
53
Let m(g) = -2*g**3 - 3*g**2 - 3*g - 4. Calculate m(-2).
6
Let d(f) = -40*f**3 + 2*f**2 + 6*f - 7. Give d(1).
-39
Let u(m) = 2*m**3 - 2*m. Give u(-2).
-12
Let c(d) = d**3 + 3*d**2 - 3. Give c(-5).
-53
Let t(n) = 5*n + 2. Calculate t(2).
12
Let j(x) = -x**3 - 3*x**2 - x + 4. Determine j(-4).
24
Let t(s) = -9*s - 29. Give t(0).
-29
Let b(c) = 2*c + 59. What is b(-20)?
19
Let k(w) = -w**3 - 4*w**2 + 4*w - 5. Calculate k(-5).
0
Let y(b) = 2*b**3 - 6*b**2 + 2*b + 3. Determine y(4).
43
Let v(s) = s**3 - 15*s**2 + 15*s - 12. Calculate v(14).
2
Let t(m) = -2*m - 43. What is t(-22)?
1
Let v(d) = -28*d**3 + 2*d**2 + 2*d - 2. Calculate v(1).
-26
Let n(z) = z**3 - 6*z**2 + 2*z + 17. Determine n(5).
2
Let n(v) = -v**3 + 14*v**2 + 20*v - 20. What is n(15)?
55
Let n(s) = -s - 4. What is n(-11)?
7
Let a(h) = 3*h + 21. Give a(-7).
0
Let a(m) = 3*m**3 - 3*m**2 - m + 2. Calculate a(-2).
-32
Let q(w) = -5*w**3 + w**2 + 2. Determine q(2).
-34
Let p(n) = -n**3 - 6*n**2 + n - 1. Give p(-5).
-31
Let k(g) = -g**3 - 6*g**2 + 15. Calculate k(-5).
-10
Let y(p) = 4*p**2 + 12*p - 39. What is y(-5)?
1
Let u(y) = -35*y - 1. Calculate u(2).
-71
Let w(c) = 3*c**3 + 3*c**2 + 3*c - 1. What is w(-3)?
-64
Let o(x) = -x**3 + 6*x**2 - 8*x + 12. Determine o(